2*z + 8. Suppose -x + 80 = -2*o, -5*x + 368 = 2*o - z*o. What is the greatest common factor of x and 18?
18
Let t = 8 - 5. Suppose m = -t*m. Suppose -1 = q, -2*u = -m*u - 4*q - 18. What is the greatest common divisor of u and 63?
7
Let b be (15/(-10))/(4/(-48)). Calculate the highest common factor of 12 and b.
6
Let k = 7 + -6. Let r(a) = a**2 - 4. Let s be r(-3). Let g(n) = 2*n + 1. Let y be g(s). What is the highest common factor of y and k?
1
Let w(p) = p**3 - 11*p**2 + 10*p. Let l be w(10). Suppose 21 = 3*j - l*j. Calculate the highest common factor of j and 49.
7
Let f = -126 - -137. Suppose -l - 157 = -2*i, 0 = -10*i + 5*i + 2*l + 391. What is the highest common factor of f and i?
11
Let o be 12/(-10)*(-20)/2. Suppose -5*j = -915 + 250. Let l = j - 49. What is the greatest common divisor of o and l?
12
Suppose 0 = -3*y + 3 + 3. Suppose -3*p = -w - y - 28, -3*p - 4*w = -30. Calculate the greatest common factor of p and 15.
5
Let y(q) = -q**2 - 7*q + 11. Let x be y(-8). Suppose 4*a + 259 = 271. What is the greatest common factor of a and x?
3
Let f be 6/(-10) + 288/30. Let i be (-2)/(-3) - (-210)/f. Let q(b) = 15*b**3 + b. Let v be q(1). Calculate the greatest common divisor of v and i.
8
Suppose c = -3*l - 23, 3*c - 2*l + 14 = -0*c. Let q be c/(2 + -1*4). Suppose q*t - 89 = -17. What is the greatest common divisor of t and 2?
2
Let a(l) = l**3 - l**2 - l + 12. Let i be a(0). Suppose 2*s - i = 22. What is the greatest common factor of 34 and s?
17
Let o be 20/6*6/4. Suppose i - o*i = 0. Suppose 3*c = 15, i = u + u + 5*c - 27. Calculate the greatest common divisor of u and 5.
1
Let q be (-18)/(-4)*(-60)/(-9). Suppose -q = -3*n - 0*n. Suppose 3*j + 14 = 44. What is the highest common divisor of j and n?
10
Suppose 0 = -2*h - 7*x + 5*x + 16, 2*h - 2*x = -4. Suppose 0*y = y - 12. Calculate the highest common factor of y and h.
3
Let o(l) = -10*l - 76. Let f be o(-14). What is the greatest common divisor of 64 and f?
64
Let j be 6*-4*(-10)/6. Let p = 105 + -100. What is the highest common factor of p and j?
5
Let h be -1*3 - -1 - -10. Let t = -7 - -23. What is the greatest common factor of t and h?
8
Let c = 5 + -7. Let y be ((-4)/2)/(c/(-1)). Let f(r) = 12*r**2 + 2*r + 1. Let p be f(y). What is the highest common divisor of 88 and p?
11
Suppose -a = -2*a - 2*m + 40, -2*a = 3*m - 76. Calculate the highest common factor of a and 4.
4
Suppose 5*c + 525 = 5*m, -419 = 4*c - 5*m + 2*m. Suppose -549 - 571 = -4*h. Let i = c + h. Calculate the greatest common factor of 16 and i.
16
Let r(h) = -h**3 + 10*h**2 + 13*h - 10. Let z be r(11). Suppose k + 60 = l + 4*l, -l = -5*k + z. Calculate the highest common factor of l and 104.
13
Suppose 0*r - 17 = -r. Let k be 1 + 1 + (-7 - -7). Suppose 4*s + 4*q = 28, 5*s + k*q = 12 + r. Calculate the highest common divisor of s and 10.
5
Suppose u - 13 = 4. Calculate the highest common factor of 119 and u.
17
Let b(c) = 7*c + 6. Let n be b(-8). Let j be (63/5)/((-15)/n). Let a = -36 - -50. Calculate the greatest common divisor of j and a.
14
Let d(u) = u**3 + 7*u**2 - 8*u + 2. Let x be d(-7). Let k be -2*(-12)/(-8) + x. What is the greatest common factor of k and 22?
11
Let g(i) = -9*i**3. Let x be g(-1). Suppose -2*w + 2*j = -42, 0 = 5*w + 5*j - 56 - x. What is the greatest common divisor of 153 and w?
17
Let k be ((-30)/(-4) + -4)/((-2)/(-12)). Let b(n) = -47*n - 4. Let r be b(-5). What is the highest common divisor of k and r?
21
Suppose 1 + 15 = -4*d. Let b = 18 + d. Calculate the highest common factor of b and 14.
14
Suppose 2*l = -5*l + 49. Calculate the greatest common divisor of l and 7.
7
Let r(b) = b**2 - 6*b - 23. Let k be r(9). Calculate the highest common divisor of 68 and k.
4
Let f be 30/(-4)*12/(-5). Let n be 4/f + (-32)/(-18). Suppose -z = -n*z + 5. What is the greatest common divisor of 2 and z?
1
Let m be 2/6 - (-1254)/18. Suppose 0 = 4*y - 4*z - 68, -5*z = -4*y - 0*z + m. Calculate the greatest common factor of 75 and y.
15
Let q(u) = -59*u**3 - 2*u**2 - u + 1. Let s be ((-1)/2)/(5/20). Let k be q(s). Suppose 73 = 4*d - k. What is the highest common divisor of 15 and d?
15
Let l be (-10)/(-15) + (-4)/6. Suppose -3*o - g - 4 = 0, l*o - 4*g - 7 = 3*o. Let m be 2 + 16*(0 - o). Calculate the highest common factor of 45 and m.
9
Let o(c) be the third derivative of -c**6/120 - 2*c**5/15 - c**4/3 + 3*c**3/2 + 6*c**2. Let h be o(-7). Calculate the highest common factor of 144 and h.
16
Suppose 2*l - 4*l + 2 = 0. Suppose 27 - 126 = -11*b. Calculate the greatest common factor of b and l.
1
Let c(r) = -6*r + 0 - 9 + 2 + r**2. Let x be c(7). Let l(y) = y + 9. Let n be l(x). Calculate the highest common factor of 36 and n.
9
Suppose 0 = g + 4*g, 3*k + 3 = -5*g. Let v be k/4 + 433/4. Let y = 16 + -4. Calculate the greatest common divisor of v and y.
12
Suppose 0 = -0*c - 4*c + 32. Let j be 9*1/3 + c. What is the greatest common factor of 11 and j?
11
Let p be (0 + -1)*-5 - -2. Let r = 121 - 58. Calculate the greatest common divisor of r and p.
7
Suppose -2*z + 175 = 3*z. Let g be (6 - -2)*2 + -2. What is the highest common divisor of g and z?
7
Let b(j) = -4*j + 1. Let t be b(-5). Let q(a) = -2*a**2 + 18*a + 5. Let c be q(8). Calculate the greatest common divisor of c and t.
21
Suppose 0 = 4*t - 2*t - 70. Suppose -4*z = -2*d - 2, 5*d - 2*d = 2*z + 5. Suppose 3*r = -z*r + t. What is the greatest common factor of 35 and r?
7
Suppose -4*t - 5 = -293. What is the greatest common divisor of t and 8?
8
Suppose -3*q - 10 = -8*q. Let u be q - 76/6*-3. Calculate the greatest common factor of 10 and u.
10
Suppose -30 = -r - 0*o + o, r - 5*o - 18 = 0. Let y(v) = v**3 + v**2 - 6. Let w be y(0). Let z = w + 9. Calculate the highest common divisor of z and r.
3
Let m(q) = -q**2 - q + 1. Let s be m(-1). Let u(p) = s - p**3 - 3*p**2 + p + 1 + 2*p**2. Let a be u(-2). What is the greatest common factor of a and 1?
1
Suppose 5*z - 9*z = -56. What is the highest common divisor of 154 and z?
14
Let w(p) = -5*p**3 - 2*p**2 - 2*p - 1. Let r be w(-1). Suppose y - 6*y = -25. Suppose 20 = y*i - 0. Calculate the highest common factor of i and r.
4
Let j be 4 - (-4)/(1 + -3). Suppose 3*h - j*y = -6*y + 14, 4*h = 3*y + 2. Suppose -h = o - 14. What is the highest common factor of o and 36?
12
Let k be 7*(14 + (0 - 3)) - -3. Calculate the highest common divisor of 10 and k.
10
Suppose 3*u - 2*y = -6*y + 189, -4*y = -3*u + 189. What is the greatest common divisor of 105 and u?
21
Let r be 25/4 + (-9)/(-12). Let o(z) = z**3 - 7*z**2 + 2*z - 5. Let d be o(r). What is the greatest common divisor of 9 and d?
9
Let c(t) = -2*t. Let d be c(-2). Suppose 83 - 15 = d*a. Calculate the greatest common factor of 51 and a.
17
Let w(o) = -18*o - 18. Let v be w(-16). Calculate the greatest common divisor of 45 and v.
45
Let b = 13 - -19. Let d = 40 - -8. What is the highest common factor of d and b?
16
Let m(u) = 2*u**2 + 3*u + 9. Let p be m(-9). Calculate the highest common divisor of p and 18.
18
Let x(u) = 7*u + 34. Let z be x(-3). Let n be 39*(2/(-3))/(-2). What is the highest common factor of n and z?
13
Let m be (10/6 + -2)*-21. Suppose 1 - 11 = o. Let s = o - -17. What is the highest common divisor of s and m?
7
Let q = -23 + 21. Let l be -3*(q + (-104)/12). What is the greatest common factor of l and 4?
4
Let q(n) = 39*n + 3. Let z be q(3). Suppose -p - p + 24 = 0. Calculate the greatest common factor of z and p.
12
Let n(u) = u**3 + 5*u**2 - u + 2. Let r be ((-3)/2)/((-33)/(-88)). Let h be n(r). What is the greatest common divisor of 33 and h?
11
Let r be ((-12)/(-7))/((-4)/(-490)). Calculate the highest common divisor of 42 and r.
42
Suppose -8*k + 6*k - 5*o + 24 = 0, 3*k = 3*o + 57. Calculate the greatest common divisor of k and 85.
17
Let x = -33 + 34. Calculate the greatest common divisor of 1 and x.
1
Suppose 0 = 7*o - 2*o. Suppose o = -2*a + 4*a - 10. Let l(r) = 6*r**2 - r - 2. Let t be l(-3). What is the highest common divisor of a and t?
5
Suppose 3*d - 2*d - 4*l + 14 = 0, 5*d - 2*l = 2. Let q be 11/((2 - 0)/d). Calculate the greatest common factor of q and 1.
1
Let a be (-3 - -31) + (0 - 0) + -3. Calculate the greatest common divisor of 25 and a.
25
Let m = 24 + -11. Let r = m + -9. Suppose -5*o + 45 = 5*g, 3*g - 33 = -o - r*o. What i